u**3/3 + u**2 + 4*u. Let a be n(-8). Calculate the greatest common divisor of a and 8.
2
Let s be 2 + 35/(-10) - (-51)/2. Calculate the greatest common divisor of s and 30.
6
Let g be 12/((-855)/(-5550) + (-4)/40). Calculate the highest common factor of 1258 and g.
74
Let p be (0 + 43/4)/(1/44). Calculate the greatest common factor of 43 and p.
43
Let l be 4/8*(0 + 4). Suppose 0 = -x - l*x + 87. Suppose 3*q + 110 = 719. What is the greatest common factor of q and x?
29
Suppose 4*m + 108 = 2*g - 4*g, -g = 2. Suppose 0 = 2*y - 78 + 4. Let u = m + y. What is the greatest common divisor of u and 88?
11
Let t = -668 - -712. Suppose 0 = n + 5*q - 15 - 25, -5*n + 269 = 2*q. Let i be n/t*8*1. Calculate the highest common divisor of i and 5.
5
Suppose -4*v = -1 - 3. Let m be 54/(1 + v)*3. Suppose 0 = -5*u + 69 + m. Calculate the greatest common factor of u and 3.
3
Let p = 389 + -376. Calculate the greatest common factor of 299 and p.
13
Let z(w) = -w**3 - 4*w**2 + 4*w - 1. Let v be z(-4). Let a = v - -39. Suppose i = -9 + a. Calculate the highest common factor of 13 and i.
13
Suppose 0 = -3*r + 2*f - 13 + 83, -2*r + 46 = -f. What is the highest common divisor of r and 1?
1
Let c = 28 - 32. Let i be c/14 - (-620)/14. Suppose 3*h + 12 = 4*v + 2*h, -v + 5*h - 16 = 0. What is the greatest common divisor of i and v?
4
Let k be -5*18*(-4)/18*3. What is the highest common divisor of 36 and k?
12
Suppose -4*a = m - 10, -3*a = -6*a - 5*m + 16. Let d = 10 + a. Suppose -11*k = -12*k + d. What is the highest common factor of k and 132?
12
Let k = -246 + 346. What is the highest common divisor of k and 75?
25
Let l(s) = s**3 - 15*s**2 - 44*s + 21. Let h be l(18). Calculate the highest common factor of h and 737.
67
Suppose 0 = -6*o + 3098 - 2498. Calculate the highest common factor of o and 4300.
100
Let i = 1261 - 728. Calculate the greatest common divisor of i and 123.
41
Suppose 37*r - 19*r = 270. Let c = 109 + -49. Calculate the highest common factor of r and c.
15
Suppose -300 = -3*c + 2*o, 396 = 4*c + 4*o - 8*o. Calculate the highest common factor of c and 6.
6
Suppose -8 = 2*l + 16. Let u be 57 - (9/(-12))/(l/32). Let x(z) = z + 10. Let q be x(-5). What is the highest common divisor of q and u?
5
Let f(w) = 21*w**2 + 18*w + 24. Let s be f(-5). What is the greatest common divisor of s and 27?
27
Let s(u) = -4*u + 47. Let n be s(9). Calculate the highest common factor of n and 275.
11
Let d = -30 - -45. Suppose -2*i + 2*w + 12 = 0, -4*i + 36 = 2*w - 6. Suppose i - 3 = u. What is the highest common factor of u and d?
3
Suppose 7*b = 43*b + 11*b - 1692. Suppose z - h - 9 = 0, -5*h - 39 = -4*z - 0*h. What is the highest common factor of z and b?
6
Suppose 5*n - 5*i - 365 = 0, -5*i - 293 = -8*n + 4*n. Calculate the greatest common divisor of 24 and n.
24
Let k be ((-5)/20*-1)/((-5)/(-40)). Calculate the greatest common divisor of k and 18.
2
Let a(s) = 2*s**3 - 8*s**2 + 7*s + 3. Let h be a(6). Calculate the greatest common factor of h and 21.
21
Let f(h) = -h**2 - 6*h - 3. Let c be f(-4). Let n be (2 - c)/(3/(-10)). Suppose -40 = -22*i + 14*i. What is the greatest common divisor of n and i?
5
Let z be 2*(-4)/(1*-8). Let w(n) = 26*n**3 - 2*n + 1. Let o be w(z). Calculate the highest common divisor of o and 10.
5
Let l = 409 + -405. Calculate the greatest common factor of 18 and l.
2
Let j(m) = -m**3 + 13*m**2 + 3*m + 4. Suppose 0 = -u + 5*u - 48. Let l be j(u). Calculate the highest common factor of l and 23.
23
Let v(u) = u**3 - 11*u**2 - 12*u + 5. Let a be v(12). Suppose -m + 4*x = -27, -2 = 2*m + a*x + 9. Calculate the greatest common factor of m and 49.
7
Let l(o) = -2*o**3 + 26*o**2 + 65*o - 66. Let v be l(15). Calculate the greatest common divisor of 1629 and v.
9
Suppose 0 = 4*p + b - 349, -176 = -2*p - 2*b - 0*b. Calculate the greatest common factor of p and 1392.
87
Let d(u) = -62*u + 130. Let n be d(-12). What is the greatest common factor of 114 and n?
38
Let c = -22 - -33. Suppose -3*y - 3*l = -38 + c, -2*y + 12 = -l. What is the highest common divisor of 63 and y?
7
Suppose 5*k + 75 = -0*q + 5*q, -k + 1 = 0. Let n be (0 + 10 + -3)*4. Let a = n - 12. Calculate the greatest common factor of q and a.
16
Let s(c) = c**3 + c**2 - 4*c + 12. Let d be s(0). What is the highest common divisor of 1164 and d?
12
Suppose -2*w = 4, -922 = -4*b - 3*w + 436. What is the greatest common divisor of 11 and b?
11
Suppose -31 - 110 = -p. Calculate the greatest common divisor of p and 752.
47
Let j(z) = -2*z - z - z - 23 - 11. Let o be j(-10). Let c be 1/(1 + (-23)/24). Calculate the highest common divisor of o and c.
6
Suppose 2*j - 32 - 40 = 0. Suppose 3*i - j = -0*i. Let x = i - -18. Calculate the greatest common factor of 12 and x.
6
Suppose -30*i = -35*i - 125. Let g = i - -34. Suppose 0 = q - 2, 2*j - q - 128 = -2*q. What is the highest common divisor of g and j?
9
Let j = 11 + -5. Let y(t) = 2*t**2 + 4*t. Let o be y(3). Suppose o = j*m - m. What is the greatest common divisor of m and 42?
6
Let q be (6/(-8))/(1/(-20)). Let u be (8 - 5) + -2*(4 - 0). Let x(z) = z**3 + 7*z**2 + 5*z - 10. Let y be x(u). What is the highest common divisor of y and q?
15
Let s(j) = j**2 + 6*j + 42. Let v be s(-9). What is the greatest common divisor of v and 1?
1
Let g(m) = 12*m**2 + 42*m - 15. Let y be g(-5). What is the greatest common divisor of y and 75?
75
Let a = 176 + -139. What is the highest common divisor of a and 296?
37
Suppose -147 = -3*m + 5*o, -2*m - 4*o + o + 98 = 0. Calculate the highest common factor of m and 1274.
49
Let l be 1 + 2 + (-133)/(-7). Suppose -4*d + 10 = -l. Let o = 37 + -21. Calculate the highest common divisor of d and o.
8
Suppose 8905 = 10*t + 195. Calculate the highest common factor of t and 26.
13
Suppose -5*m + 5*c = -40, -4*c - c - 12 = 2*m. Suppose -m = 2*y - 14. Suppose 21 = y*h - 49. Calculate the greatest common divisor of h and 56.
14
Suppose 0 = 4*c + 12, 0 = 4*z + 4*c - 6 - 54. Suppose -3*q = s - 44 - z, 0 = -4*s - 4. What is the greatest common divisor of 14 and q?
7
Let d be (-15)/(9/12 + 0). Let m = d + 47. Suppose 2*p - m = -p. Calculate the greatest common divisor of p and 99.
9
Let o(a) = -a**3 + 31*a**2 - 73*a + 95. Let d be o(28). What is the greatest common divisor of d and 39?
13
Let h = 5 - 3. Let t be h*(-7)/(-4)*6. Suppose 252*l + 378 = 254*l. What is the highest common factor of l and t?
21
Let t be 42*((1 - 4) + 33/6). Calculate the greatest common factor of 255 and t.
15
Suppose -37*n = -33*n - 108. Let x = 57 - n. What is the highest common divisor of 30 and x?
30
Let z(i) = 2*i - 3. Let a(y) = 1. Let v(n) = 6*a(n) + 2*z(n). Let u be v(4). Calculate the greatest common factor of 32 and u.
16
Suppose 19*g - 27*g + 7424 = 0. Calculate the highest common factor of 29 and g.
29
Let x be (-39)/9 - 3/(-9). Let l(i) = -5*i + 5. Let q be l(x). Suppose 0 = -3*t + 830 - 80. What is the highest common factor of q and t?
25
Let o = 817 - 800. Calculate the highest common factor of 5 and o.
1
Suppose 128*n - 106*n - 2332 = 0. Calculate the highest common factor of 106 and n.
106
Let r(k) = 9*k + 2. Let v be r(-1). Let m(a) = 14*a - 1. Let o be m(v). Let h = 147 + o. What is the greatest common factor of h and 12?
12
Let v(d) = -d - 9. Let m be v(-14). Suppose -1984 = -m*z - 164. Let t be z/10 + 12/(-30). Calculate the highest common divisor of t and 12.
12
Let r be (1*-2)/(-1 + 2070/2090). Calculate the highest common divisor of 152 and r.
19
Let k be ((-7)/28)/((-105)/(-36) + -3). Calculate the highest common factor of 9 and k.
3
Let o be (-7198)/(-5) + (-46)/(-115). What is the highest common divisor of 36 and o?
36
Suppose 2*d - 68 = 28. Let t be (-2)/(0 - 4/40). Let v = -4 + t. What is the greatest common factor of d and v?
16
Let n(h) = -h + 13. Let m be n(12). Suppose 0 = 3*i - 2*d - 14, 2*i = 2*d - 7*d + 41. What is the highest common divisor of i and m?
1
Suppose -3*l - 194 + 488 = 0. Suppose 0*h - 4*h + 8 = 0. Let t be 21/h*24/18. Calculate the greatest common factor of t and l.
14
Let d = -67 + 52. Let g be ((-1)/3)/((-5)/d) + 17. Let m = 124 + -84. Calculate the greatest common divisor of m and g.
8
Let w = 14 - 2. Suppose -5*v + 2*g = -33, 0 = -3*g - 13 + 1. Suppose -v*b + 392 = -148. What is the greatest common factor o